{"id":359,"date":"2023-05-17T17:45:41","date_gmt":"2023-05-17T15:45:41","guid":{"rendered":"https:\/\/potiers-et-ceramistes-de-france.fr\/?page_id=359"},"modified":"2026-01-21T19:25:11","modified_gmt":"2026-01-21T18:25:11","slug":"historique-du-mesnil-de-bavent","status":"publish","type":"page","link":"https:\/\/potiers-et-ceramistes-de-france.fr\/index.php\/historique-du-mesnil-de-bavent\/","title":{"rendered":"Mesnil de Bavent"},"content":{"rendered":"\n<p><strong>01 &#8211; <a href=\"https:\/\/potiers-et-ceramistes-de-france.fr\/index.php\/2022\/03\/01\/les-comptet-ceramistes-a-caen-et-a-bavent-de-1842-a-1911\/\">La famille Comptet c\u00e9ramistes de 1842 &#8211; 1909 <\/a><\/strong>( Version 1.7 du 12 janvier 2026)<\/p>\n\n\n\n<p>02 &#8211; <a href=\"https:\/\/potiers-et-ceramistes-de-france.fr\/index.php\/2023\/04\/04\/aime-jacquier-au-mesnil-de-bavent-1903-1920\/\"><strong>Aim\u00e9 Jacquier et son \u00e9pouse propri\u00e9taires du Mesnil de Bavent de 1903 \u00e0 1920<\/strong><\/a> (Version 1.1 du 4 avril 2023)<\/p>\n\n\n\n<p>03 &#8211; <a href=\"https:\/\/potiers-et-ceramistes-de-france.fr\/index.php\/2023\/05\/17\/charles-valin-au-mesnil-de-bavent-de-1920-a-1931\/\"><strong>Charles Valin 1920 &#8211; 193<\/strong>1<\/a> (Version 1.1 du 17 mai 2023)<\/p>\n\n\n\n<p>04 &#8211; <a href=\"https:\/\/potiers-et-ceramistes-de-france.fr\/index.php\/2023\/05\/17\/maurice-dupont-masnil-de-bavent-1931-1967\/\"><strong>Maurice Dupont 1931 &#8211; 1967<\/strong><\/a> ( Version 1.1 &nbsp;du 1 juin 2023)<\/p>\n\n\n\n<p><\/p>\n","protected":false},"excerpt":{"rendered":"<p>01 &#8211; La famille Comptet c\u00e9ramistes de 1842 &#8211; 1909 ( Version 1.7 du 12 janvier 2026) 02 &#8211; Aim\u00e9&hellip;<\/p>\n","protected":false},"author":1,"featured_media":0,"parent":0,"menu_order":0,"comment_status":"closed","ping_status":"closed","template":"","meta":{"footnotes":""},"class_list":["post-359","page","type-page","status-publish","hentry"],"_links":{"self":[{"href":"https:\/\/potiers-et-ceramistes-de-france.fr\/index.php\/wp-json\/wp\/v2\/pages\/359","targetHints":{"allow":["GET"]}}],"collection":[{"href":"https:\/\/potiers-et-ceramistes-de-france.fr\/index.php\/wp-json\/wp\/v2\/pages"}],"about":[{"href":"https:\/\/potiers-et-ceramistes-de-france.fr\/index.php\/wp-json\/wp\/v2\/types\/page"}],"author":[{"embeddable":true,"href":"https:\/\/potiers-et-ceramistes-de-france.fr\/index.php\/wp-json\/wp\/v2\/users\/1"}],"replies":[{"embeddable":true,"href":"https:\/\/potiers-et-ceramistes-de-france.fr\/index.php\/wp-json\/wp\/v2\/comments?post=359"}],"version-history":[{"count":16,"href":"https:\/\/potiers-et-ceramistes-de-france.fr\/index.php\/wp-json\/wp\/v2\/pages\/359\/revisions"}],"predecessor-version":[{"id":509,"href":"https:\/\/potiers-et-ceramistes-de-france.fr\/index.php\/wp-json\/wp\/v2\/pages\/359\/revisions\/509"}],"wp:attachment":[{"href":"https:\/\/potiers-et-ceramistes-de-france.fr\/index.php\/wp-json\/wp\/v2\/media?parent=359"}],"curies":[{"name":"wp","href":"https:\/\/api.w.org\/{rel}","templated":true}]}}